{"id":58,"date":"2023-11-10T18:33:24","date_gmt":"2023-11-10T18:33:24","guid":{"rendered":"https:\/\/javiporn.online\/?page_id=58"},"modified":"2023-11-10T18:33:24","modified_gmt":"2023-11-10T18:33:24","slug":"politica-de-cookies","status":"publish","type":"page","link":"https:\/\/javiporn.online\/index.php\/politica-de-cookies\/","title":{"rendered":"Pol\u00edtica de cookies"},"content":{"rendered":"<p>Pol\u00edtica de cookies<br \/>\nLe informamos de que en <a href=\"https:\/\/javiporn.online\/\">https:\/\/javiporn.online\/<\/a> utilizamos cookies con objeto de facilitar el uso y navegaci\u00f3n a trav\u00e9s de la p\u00e1gina web y mejorar la calidad de la p\u00e1gina de acuerdo a los h\u00e1bitos y estilos de navegaci\u00f3n de los usuarios.<\/p>\n<p>1. \u00bfQu\u00e9 son las cookies?<br \/>\nSon ficheros que se descargan en el ordenador, Smartphone o tableta del usuario cuando accede a una p\u00e1gina web y que permiten al titular de dicha p\u00e1gina almacenar o recuperar determinada informaci\u00f3n sobre m\u00faltiples variables, como por ejemplo; el n\u00famero de veces que la p\u00e1gina ha sido visitada por el usuario, garantizar la sesi\u00f3n del usuario mientras navega por la p\u00e1gina, etc.<\/p>\n<p>2. Tipolog\u00eda de cookies<br \/>\nA continuaci\u00f3n se ofrece informaci\u00f3n sobre el tipo de cookies y la finalidad de las mismas:<\/p>\n<p>2.1. Tipos de cookies seg\u00fan la entidad que las gestione<br \/>\nSeg\u00fan quien sea la entidad que gestione el equipo o dominio desde donde se env\u00edan las cookies y trate los datos que se obtengan, podemos distinguir:<br \/>\nCookies propias: Son aquellas que se env\u00edan al equipo terminal del usuario desde <a href=\"https:\/\/javiporn.online\/\">https:\/\/javiporn.online\/<\/a>.<br \/>\nCookies de terceros: Son aquellas que se env\u00edan al equipo terminal del usuario desde un equipo o dominio que no es gestionado por el editor, sino por otra entidad que trata los datos obtenidos trav\u00e9s de las cookies, como <a href=\"http:\/\/www.google.com\">www.google.com<\/a>.<\/p>\n<p>2.2. Tipos de cookies seg\u00fan el plazo de tiempo que permanecen activadas en el equipo<br \/>\nCookies de sesi\u00f3n: Son un tipo de cookies dise\u00f1adas para recabar y almacenar datos mientras el usuario accede a una p\u00e1gina web. Estas cookies se almacenan en el terminal hasta que finalice la sesi\u00f3n de navegaci\u00f3n del usuario.<\/p>\n<p>Cookies persistentes: Son un tipo de cookies en el que los datos siguen almacenados en el terminal y pueden ser accedidos y tratados durante un periodo definido por el responsable de la cookie, que puede ir de unos minutos a varios a\u00f1os.<\/p>\n<p>2.3. Tipos de cookies seg\u00fan su finalidad<br \/>\nCookies t\u00e9cnicas: Permiten al usuario la navegaci\u00f3n a trav\u00e9s de la p\u00e1gina web o la plataforma y la utilizaci\u00f3n de las diferentes opciones o servicios que en ella existan como, por ejemplo, controlar el tr\u00e1fico y la comunicaci\u00f3n de datos, identificar la sesi\u00f3n, acceder a partes de acceso restringido, utilizar elementos de seguridad durante la navegaci\u00f3n o almacenar contenidos para la difusi\u00f3n de videos o sonido o compartir contenidos a trav\u00e9s de redes sociales. Se trata de cookies de sesi\u00f3n y persistentes.<\/p>\n<p>Cookies de personalizaci\u00f3n: Permiten al usuario acceder al servicio con algunas caracter\u00edsticas predefinidas en funci\u00f3n de una serie de criterios en el terminal del usuario como por ejemplo, el tipo de navegador a trav\u00e9s del cual accede al servicio, la configuraci\u00f3n regional desde donde accede al servicio, etc. Terceros como Google, Youtube o Twitter usan este tipo de cookies de personalizaci\u00f3n persistentes respecto de sus servicios.<\/p>\n<p>Cookies anal\u00edticas: Son aquellas que permiten cuantificar el n\u00famero de usuarios y as\u00ed realizar la medici\u00f3n y an\u00e1lisis estad\u00edstico de la utilizaci\u00f3n que hacen los usuarios de nuestra web. Para ello se analiza su navegaci\u00f3n en nuestra p\u00e1gina web con el fin de mejorarla. En <a href=\"https:\/\/javiporn.online\/\">https:\/\/javiporn.online\/<\/a>. se utilizan cookies anal\u00edticas, propias, de sesi\u00f3n y persistentes, para esta finalidad, concretamente cookies de Google Analytics que tienen distintos plazos de caducidad en funci\u00f3n de la informaci\u00f3n que nos ofrecen. Terceros como Google, Youtube o Twitter tambi\u00e9n usan este tipo de cookies anal\u00edticas de sesi\u00f3n y persistentes.<\/p>\n<p>3. \u00bfQui\u00e9n utiliza las cookies?<br \/>\nLa informaci\u00f3n que se recaba a trav\u00e9s de las cookies de una p\u00e1gina web puede ser utilizada tanto por el titular de la p\u00e1gina web o por un tercero que preste un servicio al titular.<\/p>\n<p>En este sentido, la informaci\u00f3n de las cookies utilizadas en https:\/\/javiporn.online\/ es tratada por el Ministerio de Asuntos Exteriores, Uni\u00f3n Europea y Cooperaci\u00f3n y por un tercero, en concreto, Google a trav\u00e9s de su servicio de Google Analytics. As\u00ed, la p\u00e1gina web del Ministerio de Exteriores, Uni\u00f3n Europea y Cooperaci\u00f3n utiliza un servicio de anal\u00edtica web que instala cookies temporalmente con la \u00fanica y exclusiva finalidad de elaborar informes de car\u00e1cter estad\u00edstico (Google Analytics). La principal cookie que utiliza Google Analytics es \u201c_ga\u201d.<\/p>\n<p>4. Gesti\u00f3n de las cookies<br \/>\nTeniendo en cuenta la informaci\u00f3n facilitada a trav\u00e9s de la presente Pol\u00edtica de cookies, a continuaci\u00f3n le ofrecemos informaci\u00f3n sobre c\u00f3mo puede llevar a cabo la gesti\u00f3n de las cookies utilizadas en <a href=\"https:\/\/javiporn.online\/\">https:\/\/javiporn.online\/<\/a>. a trav\u00e9s de las diferentes opciones que ofrecen los navegadores m\u00e1s comunes (Explorer, Firefox y Chrome). Si se impide la instalaci\u00f3n de todas las cookies de la p\u00e1gina web, algunas funcionalidades de la misma, as\u00ed como algunos contenidos pueden verse afectados.<\/p>\n<p>4.1. C\u00f3mo visualizar las cookies<br \/>\nTodos los navegadores ofrecen al usuario la posibilidad de buscar y visualizar las cookies que instala un determinado sitio web, obtener informaci\u00f3n relativa a la duraci\u00f3n de las mismas y la posibilidad de eliminarlas, tal y como se indica en el siguiente apartado. A continuaci\u00f3n, se muestran una serie de enlaces informativos sobre esta cuesti\u00f3n de los navegadores m\u00e1s utilizados:<\/p>\n<p>Google Chrome: <a href=\"https:\/\/support.google.com\/chrome\/answer\/95647?hl=es\">https:\/\/support.google.com\/chrome\/answer\/95647?hl=es<\/a><\/p>\n<p>Mozilla Firefox: <a href=\"https:\/\/support.mozilla.org\/es\/kb\/cookies-informacion-que-los-sitios-web-guardan-en-\">https:\/\/support.mozilla.org\/es\/kb\/cookies-informacion-que-los-sitios-web-guardan-en-<\/a><\/p>\n<p>Internet Explorer: <a href=\"http:\/\/windows.microsoft.com\/es-es\/internet-explorer\/delete-manage-cookies#ie=ie-11\">http:\/\/windows.microsoft.com\/es-es\/internet-explorer\/delete-manage-cookies#ie=ie-11<\/a><\/p>\n<p>Microsoft Edge: <a href=\"https:\/\/support.microsoft.com\/es-es\/topic\/ver-las-cookies-en-microsoft-edge-a7d95376-f2cd-8e4a-25dc-1de753474879\">https:\/\/support.microsoft.com\/es-es\/topic\/ver-las-cookies-en-microsoft-edge-a7d95376-f2cd-8e4a-25dc-1de753474879<\/a><\/p>\n<p>4.2. C\u00f3mo desactivar o eliminar las cookies<br \/>\nPara desactivar, restringir, bloquear o eliminar las cookies, el usuario deber\u00e1 modificar la configuraci\u00f3n del navegador que utilice en su terminal, ya sea ordenador, smartphone o tablet. Con car\u00e1cter general los navegadores ofrecen las siguientes opciones de configuraci\u00f3n en relaci\u00f3n a la instalaci\u00f3n de cookies:<\/p>\n<p>Que el navegador rechace todas las cookies y por lo tanto, que no se instale ninguna cookie de ninguna p\u00e1gina web en su terminal.<\/p>\n<p>Que el navegador le avise antes de que se produzca la instalaci\u00f3n de la cookie para que usted decida si acepta o no la instalaci\u00f3n de la misma.<\/p>\n<p>Que el navegador \u00fanicamente rechace las cookies de terceros de los sitios web que visita pero no las utilizadas por el sitio web por el que usted navega.<\/p>\n<p>La opci\u00f3n de navegaci\u00f3n en modo privado mediante la cual, las cookies se instalan en el terminal pero se elimina de manera autom\u00e1tica cuando finaliza la navegaci\u00f3n por la p\u00e1gina web:<\/p>\n<p>Google Chrome: <a href=\"https:\/\/support.google.com\/chrome\/answer\/95464?hl=es\">https:\/\/support.google.com\/chrome\/answer\/95464?hl=es<\/a><\/p>\n<p>Mozilla Firefox: <a href=\"https:\/\/support.mozilla.org\/es\/kb\/navegacion-privada-Firefox-no-guardar-historial-navegacion\">https:\/\/support.mozilla.org\/es\/kb\/navegacion-privada-Firefox-no-guardar-historial-navegacion<\/a><\/p>\n<p>Internet Explorer: <a href=\"http:\/\/windows.microsoft.com\/es-ES\/windows-8\/help-protect-yourself-ie-10?ocid=IE10_priv_browsing#firstTabControl=tab1\">http:\/\/windows.microsoft.com\/es-ES\/windows-8\/help-protect-yourself-ie-10?ocid=IE10_priv_browsing#firstTabControl=tab1<\/a><\/p>\n<p>Microsoft Edge: <a href=\"https:\/\/support.microsoft.com\/es-es\/microsoft-edge\/eliminar-las-cookies-en-microsoft-edge-63947406-40ac-c3b8-57b9-2a946a29ae09\">https:\/\/support.microsoft.com\/es-es\/microsoft-edge\/eliminar-las-cookies-en-microsoft-edge-63947406-40ac-c3b8-57b9-2a946a29ae09<\/a><\/p>\n","protected":false},"excerpt":{"rendered":"<p>Pol\u00edtica de cookies Le informamos de que en https:\/\/javiporn.online\/ utilizamos cookies con objeto de facilitar el uso y navegaci\u00f3n a trav\u00e9s de la p\u00e1gina web y mejorar la calidad de la p\u00e1gina de acuerdo a los h\u00e1bitos y estilos de navegaci\u00f3n de los usuarios. 1. \u00bfQu\u00e9 son las cookies? Son ficheros que se descargan en [&hellip;]<\/p>\n","protected":false},"author":1,"featured_media":0,"parent":0,"menu_order":0,"comment_status":"closed","ping_status":"closed","template":"","meta":{"footnotes":""},"aioseo_notices":[],"_links":{"self":[{"href":"https:\/\/javiporn.online\/index.php\/wp-json\/wp\/v2\/pages\/58"}],"collection":[{"href":"https:\/\/javiporn.online\/index.php\/wp-json\/wp\/v2\/pages"}],"about":[{"href":"https:\/\/javiporn.online\/index.php\/wp-json\/wp\/v2\/types\/page"}],"author":[{"embeddable":true,"href":"https:\/\/javiporn.online\/index.php\/wp-json\/wp\/v2\/users\/1"}],"replies":[{"embeddable":true,"href":"https:\/\/javiporn.online\/index.php\/wp-json\/wp\/v2\/comments?post=58"}],"version-history":[{"count":1,"href":"https:\/\/javiporn.online\/index.php\/wp-json\/wp\/v2\/pages\/58\/revisions"}],"predecessor-version":[{"id":59,"href":"https:\/\/javiporn.online\/index.php\/wp-json\/wp\/v2\/pages\/58\/revisions\/59"}],"wp:attachment":[{"href":"https:\/\/javiporn.online\/index.php\/wp-json\/wp\/v2\/media?parent=58"}],"curies":[{"name":"wp","href":"https:\/\/api.w.org\/{rel}","templated":true}]}}